etermine r(-10).
18
Let x(d) = 33*d**3 + 4*d**2 - 2*d - 2. Calculate x(1).
33
Let s(k) = -k**3 - 28*k**2 + 239*k - 188. Calculate s(-35).
22
Let w(q) = q**3 + 21*q**2 - 46*q + 114. Calculate w(-21).
1080
Let w(y) = -2*y**2 - 106*y - 201. Give w(-51).
3
Let i(l) = -34*l + 46. Calculate i(3).
-56
Let v(b) = -21*b**2 + 624*b - 42. What is v(29)?
393
Let d(o) = 2*o**3 - 18*o**2 + 25*o - 13. Determine d(7).
-34
Let b(p) = -443*p + 11968. Determine b(27).
7
Let j(s) = -3*s**3 - 91*s**2 + 219*s - 71. Calculate j(2).
-21
Let g(m) = -256*m + 42238. Give g(165).
-2
Let b(u) = -3322*u - 139525. What is b(-42)?
-1
Let x(n) = n**2 + 3*n + 5. Calculate x(2).
15
Let x(i) = i**3 + 92*i**2 - 595*i + 38. What is x(6)?
-4
Let x(i) = -i**2 - 6*i + 1673. Give x(-43).
82
Let q(p) = 3*p**2 - 19*p + 46. Give q(3).
16
Let p(d) = 1147*d + 9178. Give p(-8).
2
Let j(t) = -76*t - 1299. Give j(-17).
-7
Let q(n) = n**3 - 13*n**2 + 26*n - 37. Give q(11).
7
Let l(m) = 38*m + 136. Give l(-8).
-168
Let m(n) = n**3 - 3*n**2 - 36*n - 14. Determine m(7).
-70
Let q(h) = 3*h - 50. Give q(-11).
-83
Let z(v) = 9*v**2 + 409*v - 269. What is z(-46)?
-39
Let r(p) = -p**3 - 18*p**2 - 11*p - 1. Calculate r(-16).
-337
Let d(b) = 2*b**2 - 26*b - 125. What is d(-4)?
11
Let j(k) = 42*k - 95. Determine j(-1).
-137
Let p(f) = 19*f**3 + 3*f**2 - 10*f + 9. Calculate p(2).
153
Let j(w) = w**2 - 35*w - 8. Calculate j(3).
-104
Let o(v) = v**3 - 11*v**2 - 158*v - 37. Determine o(19).
-151
Let g(i) = -2*i**2 - 13*i - 43. Calculate g(-3).
-22
Let v(w) = 1404*w + 14056. Give v(-10).
16
Let w(s) = 3*s**3 + 41*s**2 + 67*s - 29. Determine w(-13).
-562
Let p(k) = -k**3 - 46*k**2 - 96*k + 139. What is p(-44)?
491
Let n(o) = -71*o - 60. Give n(-2).
82
Let g(m) = 13*m + 36. Give g(2).
62
Let d(l) = 113*l + 3152. Calculate d(-27).
101
Let n(u) = -u**2 + 26*u + 1728. Calculate n(54).
216
Let p(c) = c**3 + 51*c**2 - 473*c - 97. Give p(-59).
-38
Let m(f) = -2*f**3 + 6*f**2 - 5*f - 5. What is m(-1)?
8
Let u(q) = -18*q**3 - 52*q**2 - 12*q - 11. What is u(-5)?
999
Let h(q) = q**2 + 7*q - 616. Determine h(22).
22
Let z(x) = -x**2 + 54*x - 202. Determine z(50).
-2
Let d(c) = -c**3 - 11*c**2 - 18*c - 7. Give d(-6).
-79
Let j(z) = z**3 + 2*z**2 + 15*z + 5. What is j(-6)?
-229
Let a(k) = k**3 + 46*k**2 - 198*k + 55. What is a(-50)?
-45
Let u(j) = -j**3 + 26*j**2 + 2*j - 140. Give u(26).
-88
Let d(l) = l**2 + 86*l - 306. Determine d(-87).
-219
Let h(n) = -6721*n - 26932. Calculate h(-4).
-48
Let o(p) = 33*p + 2561. What is o(-73)?
152
Let r(c) = 33*c + 1992. Calculate r(-61).
-21
Let l(p) = 48*p - 397. Determine l(4).
-205
Let s(z) = 5*z**3 - 2*z**2 - 9*z + 30. Calculate s(4).
282
Let h(m) = -33*m + 1131. Give h(34).
9
Let r(i) = -2*i**3 - 3*i**2 + 22*i + 41. Calculate r(-2).
1
Let m(b) = -243*b - 1460. What is m(-6)?
-2
Let c(x) = -x + 13. What is c(-4)?
17
Let r(j) = -61*j + 18. Calculate r(-3).
201
Let z(l) = -l**2 - 7*l + 49. Give z(-9).
31
Let v(b) = -229*b - 1005. What is v(-6)?
369
Let h(p) = 7*p**2 + 648*p + 368. Calculate h(-92).
0
Let h(j) = 2*j**3 + 5*j**2 + 7*j + 78. Calculate h(-7).
-412
Let a(j) = -j**3 + 10*j**2 + 10*j + 15. Give a(11).
4
Let p(g) = -271*g**3 - 7*g**2 - 2*g + 5. Give p(-1).
271
Let w(x) = -153*x + 722. Calculate w(5).
-43
Let m(f) = -17*f - 425. Determine m(-29).
68
Let a(j) = -j**3 + 144*j**2 - 119*j - 3459. Give a(143).
-27
Let v(x) = x**3 - 6*x**2 - 14*x + 12. Calculate v(7).
-37
Let o(a) = -228*a + 2326. Calculate o(10).
46
Let j(o) = o**3 + 37*o**2 + 64*o + 168. Calculate j(-36).
-840
Let w(v) = 6*v**2 + 95*v + 319. Calculate w(-11).
0
Let i(r) = -20*r + 520. Give i(25).
20
Let o(h) = -h**3 + 21*h**2 - 95*h + 238. What is o(16)?
-2
Let b(v) = -v**2 - 74*v - 752. Determine b(-62).
-8
Let y(z) = -z**3 - 12*z**2 + 93*z + 60. Give y(-17).
-76
Let p(z) = -8721*z + 87215. Calculate p(10).
5
Let z(u) = -8*u**3 - 3*u**2 + 22*u - 61. Give z(3).
-238
Let r(w) = w**3 + 7*w**2 - 172*w - 1019. Give r(-14).
17
Let g(k) = -5*k**2 - 781*k - 999. Calculate g(-155).
-69
Let b(o) = -2*o**2 + 116*o - 4. Calculate b(58).
-4
Let p(v) = v**3 + v**2 + 913*v - 2775. Give p(3).
0
Let p(a) = 6*a**3 + 18*a**2 - 23*a + 10. Calculate p(-4).
6
Let r(k) = -8*k - 318. Give r(-21).
-150
Let p(i) = -i**3 + i**2 - 96*i + 317. What is p(3)?
11
Let p(b) = -184*b**2 - 735*b + 4. Calculate p(-4).
0
Let y(z) = 11*z**3 - 3*z**2 + 9*z + 4. What is y(2)?
98
Let q(m) = 3*m**3 + 4*m**2 - 13*m + 7. Calculate q(-3).
1
Let f(c) = 680*c - 683. Determine f(1).
-3
Let z(c) = 2*c**3 + 66*c - 132. Calculate z(2).
16
Let w(n) = n**3 - 2*n**2 - 48*n + 356. What is w(8)?
356
Let d(k) = 5*k**3 + 6*k**2 + 7*k. Give d(-1).
-6
Let r(p) = 6773*p + 88054. Give r(-13).
5
Let k(o) = -o**2 - 2533*o - 35273. Give k(-14).
-7
Let x(y) = 3*y**3 + 35*y**2 + y. Give x(-12).
-156
Let p(w) = -134*w - 743. Determine p(-5).
-73
Let b(c) = 48*c - 647. What is b(14)?
25
Let z(s) = s**2 - 27*s + 9. What is z(25)?
-41
Let c(m) = -3*m**2 + 8*m + 205. What is c(-7)?
2
Let n(l) = -196*l + 205. Give n(1).
9
Let x(v) = -472*v + 7598. What is x(16)?
46
Let i(w) = 12*w - 1459. Determine i(119).
-31
Let d(u) = -17*u**2 + 19*u + 97. What is d(-4)?
-251
Let i(k) = k**3 - 9*k**2 - 24*k - 5. What is i(11)?
-27
Let x(s) = -6*s**2 - 34*s + 3. Calculate x(-5).
23
Let c(n) = 744*n - 20086. Determine c(27).
2
Let p(x) = -14*x**2 + 138*x - 111. What is p(9)?
-3
Let f(x) = x**2 - 3066*x + 6136. What is f(2)?
8
Let l(p) = -2*p**2 - 89*p + 53. What is l(-44)?
97
Let u(f) = -122*f - 1289. What is u(-11)?
53
Let b(y) = -3*y**3 - 179*y**2 + 251*y + 512. What is b(-61)?
85
Let n(l) = 145*l - 14628. Calculate n(101).
17
Let w(t) = -341*t + 1724. Calculate w(5).
19
Let g(i) = 10*i + 669. Give g(-70).
-31
Let z(f) = -f**3 + 5*f**2 + 343*f - 1391. Calculate z(4).
-3
Let c(q) = -2*q**2 + 117*q + 8. Calculate c(59).
-51
Let y(s) = 20*s**3 - 24*s**2 + 6*s - 5. Calculate y(1).
-3
Let u(p) = 2*p**3 + 64*p**2 + 487*p - 134. What is u(-19)?
-1
Let b(t) = t**3 + 107*t**2 + 795*t + 304. Calculate b(-99).
7
Let s(p) = p**3 + 5*p**2 - 31*p + 11. Give s(-8).
67
Let u(x) = 194*x + 3511. Calculate u(-18).
19
Let l(r) = -10674*r - 5. What is l(0)?
-5
Let b(o) = o**2 - 56*o + 573. What is b(45)?
78
Let i(l) = -2*l**2 - 3*l + 291. Determine i(-15).
-114
Let b(y) = 14*y + 16. What is b(-34)?
-460
Let v(c) = -105*c - 3178. Determine v(-30).
-28
Let d(j) = 57*j - 660. Determine d(9).
-147
Let c(o) = 48*o + 406. Calculate c(-10).
-74
Let o(f) = 8*f**2 - 92*f + 144. Give o(10).
24
Let u(b) = b**3 - 7*b**2 - 14*b + 77. What is u(7)?
-21
Let m(u) = 4*u**3 - u**2 + 3*u + 20. What is m(0)?
20
Let g(k) = -8*k**2 - 3*k - 7. Determine g(-1).
-12
Let j(b) = -b**3 + 131*b**2 - 873*b - 5. Determine j(7).
-40
Let c(a) = 1289*a + 12917. Calculate c(-10).
27
Let o(d) = -3*d**3 + 5*d**2 + 10. What is o(5)?
-240
Let k(a) = -2*a**3 + 379*a**2 - 82*a - 20230. What is k(189)?
-7
Let p(w) = -282*w**2 - 163*w + 163. Calculate p(1).
-282
Let r(l) = -21*l - 169. What is r(-8)?
-1
Let p(o) = o**3 + 33*o**2 - 207*o + 69. What is p(-38)?
715
Let y(x) = 27*x - 840. Determine y(33).
51
Let c(b) = b**3 + 11*b**2 + 21*b - 39. Determine c(-6).
15
Let t(s) = -2*s**3 + 11*s**2 + 7*s + 6. Determine t(6).
12
Let y(n) = 2*n**3 + 25*n**2 + 45*n + 2508. What is y(-16)?
-4
Let b(r) = 107*r + 1714. Give b(-16).
2
Let y(r) = 2*r**3 - 54*r**2 - 47*r - 136. Calculate y(28).
116
Let g(w) = -14*w**2 + 178*w - 586. Give g(5).
-46
Let y(f) = f - 9. What is y(34)?
25
Let a(w) = w**3 + 37*w**2 + 217*w + 191. What is a(-30)?
-19
Let i(g) = 33*g - 70. Calculate i(2).
-4
Let x(l) = -4200*l + 176405. What is x(42)?
5
Let x(f) = -f**2 - 70*f + 528. Give x(-79).
-183
Let f(n) = -2*n**2 + 48*n + 153. Give f(-3).
-9
Let q(o) = 2*o**2 - 38*o + 236. What is q(19)?
236
Let c(g) = -31*g + 27. What is c(-6)?
213
Let t(u) = 157*u**3 + 3*u - 3. What is t(1)?
157
Let g(s) = -s**2 - 41*s - 184. What is g(-34)?
54
Let d(i) = -i**3 - 40*i**2 - 73*i + 124. Determine d(-38).
10
Let p(x) = x**3 + 26*x**2 - 25*x + 3. Calculate p(-27).
-51
Let p(w) = -4*w**2 - w - 4. Give p(-7).
-193
Let y(m) = -m**3 + 6*m**2 - 11*m + 27. Determine y(5).
-3
Let k(o) = -15079*o + 120622. Calculate k(8).
-10
Let y(o) = -6*o - 108. What is y(-7)?
-66
Let c(h) = 30*h**2 + 158*h - 111. Calculate c(-6).
